pose -x + 112 = t*x. What is the units digit of x?
8
Let a(b) be the second derivative of -b**3/3 - 9*b**2/2 + 6*b. Let c be a(-10). Suppose p - 13 = c. What is the tens digit of p?
2
Suppose -2*r - 2*w + 974 = -3*w, 1936 = 4*r + w. Suppose 5*s + q - r = 0, -2*s + 97 = -s + q. What is the units digit of s?
7
Let v(z) = z + 14. Let n be v(-10). Suppose -6*h = -3*h - 9, -4*h + 12 = n*j. Suppose y - 2*r - 12 = 0, j = 2*r - r + 2. What is the units digit of y?
8
Suppose 6*w + 5698 = 20*w. What is the units digit of w?
7
Suppose -p - 638 = -0*q - q, -4*p = 4*q - 2544. What is the tens digit of q?
3
Let u = -40 - -57. Suppose -53 + u = -n. What is the units digit of n?
6
Suppose -34632 + 268 = -22*v. What is the hundreds digit of v?
5
Suppose 3*i - 1 = 5. Suppose -u - 5*v = i, 5*u + 57 = 2*v + 155. What is the tens digit of u?
1
Let h = 101 - 32. Let j = h + 48. What is the tens digit of j?
1
Let l be 2/6 - (-759)/(-9) - 3. What is the tens digit of (l/2)/(4/(-8))?
8
Suppose -236 - 336 = -d + q, -5*d = -4*q - 2864. What is the tens digit of d?
7
Let p(y) = y**2 + 3*y + 2. Suppose -n - 3*i = 9, 8*n - 5*n + 2*i + 20 = 0. Let o be p(n). Suppose -o = -5*d + 45. What is the tens digit of d?
1
Let q = 4926 + -2997. What is the units digit of q?
9
Let y = -287 - -311. What is the tens digit of y?
2
Suppose -d + 2*u = -3*d + 564, 850 = 3*d + 2*u. Suppose -d = -5*y + 79. What is the units digit of y?
3
What is the units digit of 34468/20 - ((-14)/(-10) - 1)?
3
Suppose -4*k = 4*o - 36, -3*k = -0*k - 4*o + 8. What is the units digit of (42/k)/(63/84)?
4
What is the hundreds digit of ((-633)/(-6))/(-1)*-2?
2
Suppose 0 = -4*v + 3*o - 171, -v + 2*o - o - 44 = 0. Let l = v - -84. What is the tens digit of l?
4
Suppose 0 = 4*v + 9 - 21. Suppose 4*q - 105 = q - v*d, -141 = -4*q - 5*d. What is the tens digit of q?
3
Let r = 73 - 34. Let s = r - 5. Suppose -12 = 2*n - s. What is the units digit of n?
1
Let x = -1 - -3. Let l be (0 + (-21)/x)*-2. Suppose 4*z - l = -o + 5, -27 = -5*z - 4*o. What is the units digit of z?
7
Suppose -2*p = 9*p - 55. Suppose 907 = p*n + 17. What is the units digit of n?
8
Suppose -4*w = -2 - 2. What is the tens digit of 37*((w - 4) + 4)?
3
Let m(o) be the second derivative of -o**5/20 + 5*o**4/12 + o**3/6 - 9*o**2/2 + 22*o. What is the units digit of m(4)?
1
Suppose -2*p = 3*p - 15. Suppose p*u - 14 = -2. What is the tens digit of u*(9/2 - 2)?
1
Suppose 3*r = -r + 3*m + 6, 13 = 3*r + 2*m. Suppose 2*n - 5*z = 203, -r*z - z = 20. Suppose -2*o = 3*q - 4*o - n, q - 37 = -3*o. What is the tens digit of q?
3
Let l = 15 + -12. Suppose -l*f - 3*z + 114 = 0, 4*f - 3*z - 167 = -2*z. What is the tens digit of f?
4
Suppose 10 + 0 = 5*l, -l + 292 = c. Suppose 4*d - 305 = d + p, 3*d + 2*p = c. What is the hundreds digit of d?
1
Let x = 222 - 116. Suppose -2 - x = -c. What is the hundreds digit of c?
1
Let i = 5369 - 2778. What is the thousands digit of i?
2
Suppose -21*n + 16*n = -1385. Suppose -5*x - 46 = -r + 40, 3*r + 4*x = n. What is the tens digit of r?
9
Let u(q) = -3*q**3 + 4*q**2 + 2*q**3 + 4*q + 7 - 2*q**3 - 3. Let n be u(4). What is the units digit of (-4)/8 - n/8?
3
Let q(c) = c**3 - 10*c**2 - 24*c + 5. Let t be q(12). Suppose -10*w = -t*w - 1340. What is the units digit of w?
8
Let l = -88 + 65. Let y = l + 37. What is the units digit of y?
4
Let j(c) = 507*c + 12. What is the tens digit of j(2)?
2
Let d be (22/(-4))/((-2)/(-4)). Let m = d - -18. Let k = m - 3. What is the units digit of k?
4
Let f = 1508 - 1088. What is the tens digit of f?
2
Let x(c) = 3*c**2 - 2*c + 1. Let f be x(1). Suppose -o - f*o + 15 = 0. Suppose -3*q - r = -20, q + o*r + 4 - 6 = 0. What is the units digit of q?
7
Let p = 22 + -8. What is the units digit of (-6)/21 + 88/p?
6
Let y(l) = 446*l**2 - 17*l + 16. What is the hundreds digit of y(1)?
4
Let y(w) be the first derivative of w - 8 - 19/2*w**4 + 1/2*w**2 + 0*w**3. What is the tens digit of y(-1)?
3
What is the hundreds digit of 342/(-12)*208/(-3)?
9
Let v = -8 - -10. Let l(o) = v*o - 13 + 31 - 17. What is the units digit of l(6)?
3
Let p(m) be the first derivative of 2*m**3/3 - 12*m - 1. Let f = -272 + 266. What is the units digit of p(f)?
0
Suppose -2*s + 0*s = 0. Suppose 2*g = -s*g - 8. What is the tens digit of -45*g/6*1?
3
Suppose 6 = -0*y + 2*y. Suppose 0 = -0*f + y*f. What is the tens digit of 6/4*(f - -36)?
5
Let v be (-8)/6*(-8 + 5). Suppose v*z + z = -65. Let r = -6 - z. What is the units digit of r?
7
Let m be ((-1)/(5/(-8)))/((-4)/(-1190)). Suppose -5*d = 4*y - m, -4*d + 389 = -y - 4*y. What is the tens digit of d?
9
Suppose 47*b - 28400 = 31*b. What is the hundreds digit of b?
7
Let p(v) = v + 7*v + 10 - 7*v. Let g be p(-6). Suppose g*t = 9 + 47. What is the tens digit of t?
1
Let j(m) = m + 1. Let s be j(-9). What is the units digit of s/14 - (-1743)/49?
5
Let y(p) = 54*p**2 + 2*p + 2. Let i be (-4)/12*-6*-2. Let m be 18/24 - (-7)/i. What is the tens digit of y(m)?
5
Suppose 2*b - 18 = 2*k, -9*k = -5*b - 7*k + 39. Suppose 4*r = -4*t + 724, b*t - 6 = 4*t. What is the hundreds digit of r?
1
Suppose 8*r - 6*r = 274. Let y = r + -72. What is the units digit of y?
5
Let w(c) = c**3 - 9*c**2 + 4*c - 16. Let x be w(9). Let o = x + -19. What is the units digit of o?
1
Let c = 4 - 4. Let m be c + (-8)/(-4) - 5. What is the units digit of m + 3/(-2)*-26?
6
Suppose -4*b - 7 + 23 = 0. Suppose 4*r - 106 = -5*n + 28, 2*n - 48 = b*r. Let g = n - 10. What is the tens digit of g?
1
Let u(t) = -40*t + 144. What is the tens digit of u(-11)?
8
Let b(w) = w**3 + 8*w**2 - 9*w. Suppose 5*p + 0*p + 45 = 0. Let t be b(p). Suppose k - 21 = -t*k. What is the tens digit of k?
2
Let c be (-1)/(1 + (-48)/45). Suppose -j - c = 2*j. Let f = j + 8. What is the units digit of f?
3
Let n be -56 - (-2 + 3)*-1. Let a = -177 + 273. Let u = n + a. What is the tens digit of u?
4
Suppose 651 + 717 = 5*z + 2*w, -2*z - w = -548. Suppose -3*y + m - 2*m = -z, m = 2*y - 183. What is the tens digit of y?
9
Let w(v) = -v + 4. Let a be w(4). Let z be a/((-16)/4) + 39. Suppose 5*i = 21 + z. What is the units digit of i?
2
Suppose -101*b = -106*b. Suppose 33 = -b*m + 3*m. What is the units digit of m?
1
Suppose -3 + 25 = -2*o. Let i(v) = -v**2 + v + 11. Let h be i(5). Let p = h - o. What is the units digit of p?
2
What is the units digit of (12775/15 - -1) + (-18)/27?
2
Suppose -3*i + 110 = -3*b - 337, -4*i = -5*b - 594. Suppose -2*n = x - 3*x + 160, -2*x + i = n. What is the units digit of x?
7
Suppose -13 = -5*d + 22. Let g(r) = -5*r + 4 + 0*r - d + 15*r. What is the tens digit of g(3)?
2
Suppose -2*i + 165 = -3*i - 2*g, 4*g - 648 = 4*i. Let f = 358 + i. What is the tens digit of f?
9
Let m(s) = s + 1. Let b(q) = -13*q + 1. Let l(n) = b(n) - 6*m(n). What is the tens digit of l(-4)?
7
Suppose -y + 3*a + 242 = -552, 2*a - 1604 = -2*y. Let k be (((-20)/2)/2)/(-1). What is the tens digit of ((-2)/(-5))/(k/y)?
6
Suppose -26 = -3*a - 5*g, 4*a + 4 = 2*g + g. Suppose -v - a*v = s - 85, v - 93 = -s. What is the tens digit of s?
9
Suppose -9*k - 93 = -21. Let z(s) = s**2 + 4*s - 18. What is the units digit of z(k)?
4
Let d = 1122 + 1299. What is the units digit of d?
1
Let s(y) = -10*y + 382. What is the units digit of s(18)?
2
Let i = -5 - -8. Suppose -d + 0 = -i. What is the tens digit of d/((-93)/(-84) + -1)?
2
Let z be (-15)/(-15) - (1 + -8). Suppose -1 = h - z. What is the units digit of h?
7
Let n(t) = 9*t**2 - 43*t + 155. What is the tens digit of n(10)?
2
Let o = -668 + 1312. What is the hundreds digit of o?
6
Let u = -431 - -1066. What is the units digit of u?
5
Suppose 4*l + 37 - 117 = 0. Let f be l/(-3)*90/(-24). Suppose 5*b - 25 = f. What is the units digit of b?
0
Let m = 818 - 371. What is the hundreds digit of m?
4
Let r be 162/21 + 4/14. Suppose -r = -4*z, 2*g = -g - 4*z - 64. Let n = g - -92. What is the units digit of n?
8
Let d = -76 - -34. Let h be ((-36)/d)/(2/14). Suppose -4*m = -h - 186. What is the units digit of m?
8
Suppose -p - 5340 = -2*j + p, 10*p - 5364 = -2*j. What is the units digit of j?
2
Suppose 452 + 76 = 3*a. Suppose r + 2*p - a = 0, -r - 759 = -5*r + 3*p. What is the units digit of r?
6
Let y = 388 + 553. What is the tens digit of y?
4
Suppose -4 = c + 3*z, -z + 4*z + 9 = 0. Suppose c*o - 6 + 1 = 0. Suppose 0 = -k - 